{"id":19,"date":"2019-02-19T23:58:35","date_gmt":"2019-02-19T23:58:35","guid":{"rendered":"http:\/\/elsapo.net\/?page_id=19"},"modified":"2019-02-20T13:10:34","modified_gmt":"2019-02-20T13:10:34","slug":"impressum","status":"publish","type":"page","link":"https:\/\/elsapo.net\/?page_id=19","title":{"rendered":"Impressum"},"content":{"rendered":"\n<p>Verantwortlicher im Rahmen des Teledienstgesetzes&nbsp;<br>und Diensteanbieter dieser Website ist:<\/p>\n\n\n\n<pre class=\"wp-block-preformatted\">elSapo<br>Frank Zeckai<br>Hohenrainstr. 42 <br>6280 Hochdorf<\/pre>\n\n\n\n<pre class=\"wp-block-preformatted\"> <br><strong>Haftungsausschluss <\/strong><br><strong>1. Inhalt des Onlineangebots <br><\/strong>Der Autor \u00fcbernimmt keinerlei Gew\u00e4hr f\u00fcr die Aktualit\u00e4t, <br>Korrektheit, Vollst\u00e4ndigkeit oder Qualit\u00e4t der <br>bereitgestellten Informationen. <br>Alle Angebote sind freibleibend und unverbindlich.<br><br><strong>2. Verweise und Links <br><\/strong>Der Autor erkl\u00e4rt hiermit ausdr\u00fccklich, dass zum Zeitpunkt <br>der Linksetzung auf fremde Internetseiten die entsprechenden <br>verlinkten Seiten frei von illegalen Inhalten waren. <br>Auf die aktuelle und zuk\u00fcnftige Gestaltung, die <br>Inhalte oder die Urheberschaft der gelinkten\/verkn\u00fcpften Seiten <br>hat der Autor keinerlei Einfluss.<br><br><strong>3. Urheber- und Kennzeichenrecht<\/strong><br>Der Autor ist bestrebt, in allen Publikationen die Urheberrechte <br>der verwendeten Grafiken, Tondokumente, Videosequenzen und Texte <br>zu beachten, von ihm selbst erstellte Grafiken, Tondokumente,<br>Videosequenzen und Texte zu nutzen oder auf lizenzfreie Grafiken,<br>Tondokumente, Videos und Texte zur\u00fcckzugreifen. <br>Alle innerhalb des Internetangebotes genannten und ggf. durch Dritte<br>gesch\u00fctzten Marken- und Warenzeichen unterliegen uneingeschr\u00e4nkt den<br>Bestimmungen des jeweils g\u00fcltigen Kennzeichenrechts und den <br>Besitzrechten der jeweiligen eingetragenen Eigent\u00fcmer. <br>Allein aufgrund der blossen Nennung ist nicht der Schluss zu ziehen, <br>dass Markenzeichen nicht durch Rechte Dritter gesch\u00fctzt sind <br><br>Das Copyright f\u00fcr ver\u00f6ffentlichte, vom Autor selbst erstellte Objekte<br>bleibt allein beim Autor der Seiten. Eine Vervielf\u00e4ltigung oder <br>Verwendung solcher Grafiken, Tondokumente, Videosequenzen und Texte <br>in anderen elektronischen oder gedruckten Publikationen ist ohne <br>ausdr\u00fcckliche Zustimmung des Autors nicht gestattet. <br><br><strong>4. Datenschutz <\/strong><br>Sofern innerhalb des Internetangebotes die M\u00f6glichkeit zur Eingabe<br>pers\u00f6nlicher oder gesch\u00e4ftlicher Daten (Emailadressen, Namen, <br>Anschriften) besteht, so erfolgt die Preisgabe dieser Daten seitens <br>des Nutzers auf ausdr\u00fccklich freiwilliger Basis. <br>Die Inanspruchnahme und Bezahlung aller angebotenen Dienste ist - <br>soweit technisch m\u00f6glich und zumutbar - auch ohne Angabe solcher <br>Daten bzw. unter Angabe anonymisierter Daten oder eines Pseudonyms<br>gestattet.<br><br><strong>Rechtswirksamkeit dieses Haftungsausschlusses <\/strong><br>Dieser Haftungsausschluss ist als Teil des Internetangebotes <br>zu betrachten, von dem aus auf diese Seite verwiesen wurde. <br>Sofern Teile oder einzelne Formulierungen dieses Textes der <br>geltenden Rechtslage nicht, nicht mehr oder nicht vollst\u00e4ndig <br>entsprechen sollten, bleiben die \u00fcbrigen Teile des Dokumentes <br>in ihrem Inhalt und ihrer G\u00fcltigkeit davon unber\u00fchrt.<br><br><br><\/pre>\n","protected":false},"excerpt":{"rendered":"<p>Verantwortlicher im Rahmen des Teledienstgesetzes&nbsp;und Diensteanbieter dieser Website ist: elSapoFrank ZeckaiHohenrainstr. 42 6280 Hochdorf Haftungsausschluss 1. Inhalt des Onlineangebots Der Autor \u00fcbernimmt keinerlei Gew\u00e4hr f\u00fcr die Aktualit\u00e4t, Korrektheit, Vollst\u00e4ndigkeit oder Qualit\u00e4t der bereitgestellten Informationen. Alle Angebote sind freibleibend und unverbindlich.2. Verweise und Links Der Autor erkl\u00e4rt hiermit ausdr\u00fccklich, dass zum Zeitpunkt der Linksetzung auf fremde &hellip; <a href=\"https:\/\/elsapo.net\/?page_id=19\" class=\"more-link\"><span class=\"screen-reader-text\">Impressum<\/span> weiterlesen <span class=\"meta-nav\">&rarr;<\/span><\/a><\/p>\n","protected":false},"author":1,"featured_media":0,"parent":0,"menu_order":0,"comment_status":"closed","ping_status":"closed","template":"","meta":{"footnotes":""},"class_list":["post-19","page","type-page","status-publish","hentry"],"_links":{"self":[{"href":"https:\/\/elsapo.net\/index.php?rest_route=\/wp\/v2\/pages\/19","targetHints":{"allow":["GET"]}}],"collection":[{"href":"https:\/\/elsapo.net\/index.php?rest_route=\/wp\/v2\/pages"}],"about":[{"href":"https:\/\/elsapo.net\/index.php?rest_route=\/wp\/v2\/types\/page"}],"author":[{"embeddable":true,"href":"https:\/\/elsapo.net\/index.php?rest_route=\/wp\/v2\/users\/1"}],"replies":[{"embeddable":true,"href":"https:\/\/elsapo.net\/index.php?rest_route=%2Fwp%2Fv2%2Fcomments&post=19"}],"version-history":[{"count":9,"href":"https:\/\/elsapo.net\/index.php?rest_route=\/wp\/v2\/pages\/19\/revisions"}],"predecessor-version":[{"id":73,"href":"https:\/\/elsapo.net\/index.php?rest_route=\/wp\/v2\/pages\/19\/revisions\/73"}],"wp:attachment":[{"href":"https:\/\/elsapo.net\/index.php?rest_route=%2Fwp%2Fv2%2Fmedia&parent=19"}],"curies":[{"name":"wp","href":"https:\/\/api.w.org\/{rel}","templated":true}]}}